g?
1
Let d = 6 - 5. What is the units digit of (-6)/(d*(-3 - -1))?
3
Suppose 5*q - 18 = -q. Suppose -3*f = -2*t - 86, q*f + t - 81 = -2*t. What is the units digit of f?
8
Let o(c) = c**3 + 6*c**2 + 5. Let v be -12*2*(-2)/(-8). What is the units digit of o(v)?
5
Let c be (0 + 1)*(-5 + 5). Suppose 3*o - 4*n - 10 = 2*o, c = 5*n. What is the tens digit of o?
1
Suppose 4*x - 2 = 2*x. Let v be 0/(x/(1/1)). Suppose v = 5*p + 2*y - 3, 4*p + 0*p - 2*y = 6. What is the units digit of p?
1
Suppose -b + 6*q - q = -122, 2*b = 4*q + 250. What is the tens digit of b?
2
Let p(g) = -g**2 + 5*g + 2. Let s be p(6). Let r = -1 - s. What is the units digit of r?
3
Suppose 0 = -5*o + 2*z + 21, o - 2*z + 9 = 2*o. Let d(g) = -g**2 + 4*g - 8. Let y(n) = -n - 1. Let j(w) = d(w) - 4*y(w). What is the units digit of j(o)?
1
Let d(c) = 4*c + 22. What is the tens digit of d(15)?
8
Suppose 0 = -q - 38 + 9. Let v = 47 + q. What is the tens digit of v?
1
Let m be 152/4*(-1)/(-2). Suppose y = 3*c - c - m, -3*c - 2*y = -18. Let x = c + 2. What is the units digit of x?
0
Suppose j - 3 = -1. Suppose -j*f + 30 = -22. What is the tens digit of f?
2
Let d = -1 + 3. Suppose v = -d*j - 4*v + 69, v + 17 = j. What is the tens digit of j?
2
Let q be (-37)/3 + 24/72. Let n(f) = -2*f**2 - 5*f - 3. Let r be n(-3). Let v = r - q. What is the units digit of v?
6
Let i(x) = x**3 + x - 2*x**2 - 4*x**2 + 6 + x**2 - 4. Let j be i(5). Suppose j = d - 6. What is the tens digit of d?
1
Let a(l) = l + 53. Let j be a(0). Suppose 4*h - j = -4*u - 21, -16 = -4*u. What is the units digit of (h/(-6))/(2/(-21))?
7
Suppose 5*v - 3*u = -5 + 15, 3*v = -u + 6. Suppose 27 = h + v*h. What is the units digit of h?
9
Let v = -65 - 12. Let g = -46 - v. What is the units digit of g?
1
Suppose 16 = 5*w - 3*b, 0 = -b - b - 4. Suppose -24 - 14 = -w*a. What is the units digit of a?
9
Let t be -2*2/4 + 3. Suppose -4*z + 3*p = -9, t*z + 4*p - 3 = 5*p. Suppose -3*h + m + 12 = 0, 2*h + 0*m + 4*m - 8 = z. What is the units digit of h?
4
Suppose 0 = -y - 3 + 7. Let q = -18 - -27. Let b = q - y. What is the units digit of b?
5
Let b(j) = -j**3 + 6*j**2 - 5*j - 1. Let a be b(5). Let z(f) = 2*f**2 + f. Let h be z(a). What is the units digit of 185/20 + h/(-4)?
9
Let u(z) = z**2 - 3*z + 2. Let x be u(2). Suppose 3*m + x*m - 33 = 0. What is the units digit of m?
1
Let s(g) be the third derivative of g**5/60 + g**4/8 - g**3/6 + 2*g**2. Let n be s(-5). What is the units digit of (6/(-4))/(n/(-30))?
5
Let i = 5 + -3. Suppose -5*q - 2 = -3*p - 18, 0 = i*q - 2*p - 8. What is the units digit of q + 8 - (2 - 1)?
9
Suppose -5*f = -10*f + 40. What is the units digit of f?
8
Let t(d) = 5*d - 1. Let r be t(1). Let q(u) = u**2 - 3*u + 4. Let h be q(3). Suppose 5*m + k - 60 = -h*k, 0 = -4*m + r*k + 80. What is the units digit of m?
6
Let a(c) = 4*c**2 + 7*c + 6. What is the tens digit of a(-4)?
4
Let g(l) be the first derivative of l**3/3 + 5*l**2/2 - 6*l - 2. What is the units digit of g(-7)?
8
Let n(c) be the third derivative of -1/120*c**6 + 1/15*c**5 + 2*c**2 - 2/3*c**3 + 0 + 7/24*c**4 + 0*c. What is the units digit of n(5)?
6
Let v(q) = q**2 + 3*q + 6. Let n be v(-4). Suppose t = -t + n. What is the units digit of t?
5
Suppose 2*m + 1 = 11. Suppose 5*r + 4*x + 5 = 0, -3*r - m*x - 6 = -2*x. Suppose -5*g + 110 = 5*j, 0*j - r = -3*j. What is the tens digit of g?
2
Let a be ((-24)/5)/(6/(-40)). Let o be (a/(-2) - 0)*-1. Suppose 0 = -5*z - 1 + o. What is the units digit of z?
3
Suppose x = 3*v + v + 94, 3*x - 4*v = 242. What is the units digit of x?
4
Suppose 6*q = 2*q + 312. What is the tens digit of q?
7
Let f = -23 + 41. What is the tens digit of f?
1
Suppose 3*w + 1 - 265 = 0. What is the tens digit of w?
8
Suppose -5*u + 31 = 5*a - 9, 0 = -5*u + a + 22. Suppose -n - u*r = -35, 0 = 5*r - r. What is the units digit of n?
5
Let j(b) = b. Let n be j(3). What is the tens digit of ((-16)/n)/(4/(-18))?
2
Suppose 0 = h + 15 + 3. Let q(u) = -u**3 - 13*u**2 - 4*u - 12. Let s be q(-13). What is the units digit of (h/15)/((-12)/s)?
4
Suppose 0*m - 3*m = j + 8, -m - 12 = -2*j. Let f = 6 + m. What is the units digit of f?
2
Suppose -5*o - 8 = -4*g - o, -3*g + 6 = -o. Let f(q) = 1 + 3*q**2 - g*q**2 + 5*q + 0*q**2 + 3. What is the units digit of f(-5)?
4
Let v(o) = -o**3 + 7*o**2 + 2*o + 6. Let h be (-1)/2*-2 - -6. What is the units digit of v(h)?
0
Suppose -3*c + 1 = -17. Suppose 3*a + 5*d = 67, -4*d + 15 = a - c*d. What is the units digit of a?
9
Suppose -4 = 3*b + 14. Let x be b/2 + 63/3. Suppose p - x = -s, s - 37 = -4*p + 23. What is the tens digit of p?
1
Let i = 9 + -15. Let b(r) = -r**2 - r - 3. Let w be b(0). What is the units digit of (w/2)/(i/32)?
8
Let u be -4*21/(-9)*-3. Let k be (-2)/(-8) - u/16. Suppose 4*g = 2*m + 44, -16 = -k*g - m + 5*m. What is the units digit of g?
2
Let o be ((-24)/20)/(4/(-30)). Suppose 0 = 4*m - o*m + 55. What is the units digit of m?
1
Let q(c) = -c**2 - 7*c. Suppose 2*a = 5*a - 21. Suppose -32 = 5*h - a. What is the tens digit of q(h)?
1
Suppose -46 = -p + 5*j, 4*p - 97 = -j + 66. Let y = p - 29. What is the tens digit of y?
1
Suppose 6 + 0 = 3*w. Suppose 3*p = s - w*s + 12, -2*s = -2*p. What is the units digit of -3*p/(1 - 4)?
3
Let g be 16/1 + (-7 - -5). What is the units digit of (-1)/(2/g*-1)?
7
Let d = 40 + -19. What is the tens digit of d?
2
Let k = -2 - -12. Let s be ((-30)/(-25))/((-2)/k). What is the units digit of (-3)/(s*(-1)/(-8))?
4
Let l = 30 + 85. What is the hundreds digit of l?
1
Let w = 10 + 3. Suppose -130 = 8*c - w*c. What is the units digit of c?
6
Suppose k + 3*k + 20 = 0. Let s be k/(-1) - (5 + -3). Suppose 0 = 4*r - m - 45, -2*r + s = 4*m - 15. What is the tens digit of r?
1
Let z(p) = 6*p**2 + p - 3. What is the tens digit of z(-3)?
4
Suppose -7*g - 68 = -9*g. Suppose -4*n + 14 = -g. What is the tens digit of n?
1
Suppose -4*v + 4*j + 28 + 4 = 0, -4*j - 8 = 2*v. Suppose -4*u = -v*k - 56, 10 + 2 = 2*u + 2*k. What is the tens digit of u?
1
Suppose -5*x = -204 + 14. What is the tens digit of x?
3
Suppose 10 + 12 = -2*t. Let l = t - 1. Let d = -7 - l. What is the units digit of d?
5
What is the units digit of 19*((-2)/14)/((-2)/14)?
9
Let r(o) = -13*o + 38. What is the tens digit of r(-9)?
5
Let o(b) = b + 9. Let m be o(-7). Let k = 24 - m. What is the units digit of k?
2
Suppose -3*d + 2 = -1. Let i = d + 19. What is the units digit of i?
0
Let k(x) = -x - 2 + 3*x - 3*x - 5*x. What is the units digit of k(-2)?
0
Let j = 7 + -4. Suppose 13 = 3*t - 5*w, -4 = -2*t + 4*t + j*w. Let b = 0 + t. What is the units digit of b?
1
Let p(r) = -r**3 + 13*r**2 - 13*r - 20. What is the units digit of p(11)?
9
Suppose 0 = 4*c + 20, 3*p + 4*c = -59 - 102. Let b be p/(-9) + 2/(-9). Suppose d + 0*d = 4*s - 11, b*d = -4*s + 41. What is the units digit of s?
4
What is the tens digit of 60 + (-8 + 4 - -7)?
6
Suppose 3*c - 332 = -c. What is the units digit of c?
3
Suppose 3 + 27 = 5*d. Suppose -d = c - 4*c. What is the units digit of c?
2
Let n(g) = g**3 + 5*g**2 + 2*g - 1. Let d be n(-5). Let h = -8 - d. Let b = h + 4. What is the units digit of b?
7
Suppose m - 2*s + 10 = -5*s, 4*m + 40 = -5*s. Let x(l) = -l**3 - 9*l**2 + 8*l + 5. What is the tens digit of x(m)?
2
Suppose -1 = -y + 1. What is the units digit of (-51)/(-9) - y/(-6)?
6
Let x(t) be the first derivative of t**3/3 + 3*t**2 - 10*t + 1. What is the units digit of x(-8)?
6
Let v = -1 + 7. Let p(r) be the third derivative of -r**6/120 + r**5/10 + 7*r**3/6 + 2*r**2. What is the units digit of p(v)?
7
Suppose -5*k + 24 = m + 2*m, 4*k = 4*m. Suppose -5*q - 5*i = -5, k*q - 5*i - 23 = -3*i. What is the units digit of q?
5
Let r(y) be the first derivative of y**3/3 + y**2/2 - 5*y - 3. Let a be r(5). Let m = -16 + a. What is the units digit of m?
9
What is the tens digit of (-1 - 12)/(1/(-3))?
3
Suppose -5*t - 452 = -4*a, -2*a + 4*t = -0*a - 232. What is the tens digit of a?
0
Let o = -2 - -7. Suppose 0 = o*s - 3*s - 34. What is the units digit of s?
7
Let j(f) be the second derivative of f**3/6 + 5*f**2 + 4*f. What is the units digit of j(-5)?
5
Let l = 4 + -2. Suppose l*n - n - 28 = 0. What is the tens digit of n?
2
Suppose -800 = -6*u + 2*u. Suppose 4*p - 5*s - u + 35 = 0, 3*s + 85 = 2*p. What is the tens digit of p?
3
What is the units digit of (6/(-10